15931629 composite?
False
Is 2497297 a composite number?
True
Is 217545283 a prime number?
True
Is 2242259 prime?
False
Is 3506123 a composite number?
False
Is 9713941 a composite number?
True
Is 31508731 a prime number?
True
Is 15020167 prime?
True
Is 1115447 prime?
True
Is 3284291 a prime number?
False
Is 4641097 a composite number?
True
Is 33910493 a prime number?
False
Is 1021189 composite?
True
Is 131195249 composite?
True
Is 684923 prime?
True
Is 4176571 prime?
False
Is 1508743 a prime number?
True
Is 8882267 prime?
False
Is 569155397 prime?
False
Is 20050937 composite?
False
Is 1578509 a prime number?
True
Is 7004945 a prime number?
False
Is 12027047 prime?
False
Is 1141757 composite?
False
Is 101626321 prime?
False
Is 33296303 a prime number?
False
Is 1655229 prime?
False
Is 102201521 a prime number?
True
Is 19897543 a composite number?
False
Is 930379 prime?
True
Is 9401773 prime?
False
Is 364867133 a composite number?
False
Is 71958461 a prime number?
True
Is 49370611 composite?
False
Is 32176133 prime?
False
Is 67761017 prime?
True
Is 3674417 a prime number?
True
Is 26930051 a prime number?
True
Is 617017 a prime number?
False
Is 3334889 prime?
True
Is 7233169 a composite number?
False
Is 317347759 a prime number?
False
Is 942733 composite?
True
Is 383471971 prime?
True
Is 105578479 composite?
False
Is 7230479 a composite number?
False
Is 21504467 a prime number?
False
Is 460678929 prime?
False
Is 100372411 prime?
False
Is 5084437 a composite number?
False
Is 11334919 prime?
True
Is 179813071 prime?
False
Is 848767 composite?
True
Is 5307253 prime?
False
Is 249982081 prime?
True
Is 5208881 a composite number?
False
Is 5142587 a prime number?
True
Is 380455459 prime?
False
Is 435842221 composite?
False
Is 501404161 a prime number?
False
Is 222585173 a prime number?
False
Is 63408661 prime?
False
Is 54691453 a composite number?
False
Is 1183777 prime?
False
Is 6742347 a prime number?
False
Is 31701307 a composite number?
True
Is 38323 prime?
False
Is 12061979 prime?
False
Is 4200073 prime?
True
Is 65903 a composite number?
True
Is 582473 a composite number?
True
Is 414272897 composite?
True
Is 663324461 a prime number?
False
Is 24373607 composite?
False
Is 5476591 a composite number?
False
Is 27926123 composite?
True
Is 40741689 a composite number?
True
Is 2343903 a composite number?
True
Is 20986687 a prime number?
False
Is 4735453 prime?
True
Is 3330841 a prime number?
False
Is 1310359 composite?
False
Is 384110693 prime?
True
Is 4672553 a prime number?
True
Is 1472371 composite?
False
Is 346781 a composite number?
True
Is 4989757 prime?
True
Is 2428991 a composite number?
False
Is 14464117 composite?
False
Is 6672151 a prime number?
False
Is 14693179 a prime number?
True
Is 1225459 a prime number?
True
Is 174458327 a prime number?
False
Is 89709049 a prime number?
False
Is 8215547 composite?
False
Is 12295919 prime?
True
Is 65735377 composite?
True
Is 92153 a prime number?
True
Is 7206559 prime?
False
Is 397899857 a composite number?
True
Is 22120195 a prime number?
False
Is 3808709 a prime number?
True
Is 22764967 prime?
False
Is 95054437 a prime number?
True
Is 167335313 composite?
False
Is 3953561 composite?
True
Is 26577619 prime?
True
Is 5377489 a prime number?
False
Is 3135523 prime?
True
Is 51912251 a prime number?
True
Is 13332809 a prime number?
False
Is 246758557 prime?
True
Is 2966497 a composite number?
True
Is 4412059 composite?
False
Is 19632203 a composite number?
False
Is 24581237 a composite number?
False
Is 21485803 composite?
False
Is 1330289 a prime number?
False
Is 16412107 a composite number?
False
Is 7769813 composite?
False
Is 16408463 composite?
False
Is 71250197 a prime number?
False
Is 585569 prime?
True
Is 3222029 a prime number?
False
Is 47151751 prime?
True
Is 1111247 composite?
False
Is 1126975789 a prime number?
True
Is 2431654 prime?
False
Is 14408347 a composite number?
False
Is 7902101 a prime number?
True
Is 4659181 prime?
True
Is 840361033 a composite number?
False
Is 5981329 a prime number?
False
Is 23582903 composite?
False
Is 94702817 a composite number?
True
Is 79509811 composite?
False
Is 4202251 prime?
False
Is 11330171 composite?
True
Is 18799601 composite?
False
Is 4480309 composite?
True
Is 15594809 a prime number?
False
Is 4191119 composite?
False
Is 20746991 composite?
True
Is 1024128201 a composite number?
True
Is 1919231 a composite number?
False
Is 841691 prime?
True
Is 366593 a composite number?
False
Is 40744169 a prime number?
False
Is 751021 composite?
False
Is 2960129 a prime number?
True
Is 2820869 composite?
False
Is 30022039 a composite number?
True
Is 132303599 composite?
True
Is 3825123 composite?
True
Is 334387 a composite number?
False
Is 91125013 a composite number?
True
Is 2258897 a prime number?
False
Is 4509031 prime?
False
Is 90544297 composite?
False
Is 52857283 a prime number?
True
Is 1144573 composite?
False
Is 17648621 a prime number?
True
Is 93765941 a composite number?
False
Is 209769685 composite?
True
Is 16326023 a prime number?
False
Is 3093113 composite?
False
Is 373112017 composite?
False
Is 9248017 prime?
False
Is 21315389 a composite number?
False
Is 52991777 a prime number?
True
Is 91350703 a composite number?
True
Is 154378219 composite?
False
Is 52235681 a composite number?
True
Is 91299889 prime?
True
Is 2388473 a prime number?
True
Is 37265903 composite?
False
Is 4290631 a composite number?
True
Is 60369429 a composite number?
True
Is 2039701 composite?
True
Is 979365817 prime?
False
Is 3299437 prime?
True
Is 588306806 prime?
False
Is 429881 prime?
True
Is 25399873 composite?
True
Is 1223527 a prime number?
True
Is 6087023 prime?
True
Is 29214691 composite?
True
Is 10627627 prime?
True
Is 110094197 a prime number?
False
Is 1292087 prime?
False
Is 198890117 a composite number?
True
Is 17195809 composite?
False
Is 65603957 a prime number?
False
Is 380288614 a prime number?
False
Is 285071 prime?
True
Is 34301074 prime?
False
Is 84240679 composite?
True
Is 262454033 prime?
True
Is 36740903 a composite number?
True
Is 15689489 prime?
True
Is 53270579 composite?
True
Is 1134389 a composite number?
False
Is 10730933 a prime number?
False
Is 41327095 a prime number?
False
Is 8337607 a composite number?
False
Is 9582773 a prime number?
True
Is 31631527 a composite number?
False
Is 6834913 composite?
False
Is 123286409 a composite number?
False
Is 20565145 a composite number?
True
Is 277149173 a prime number?
False
Is 36140443 prime?
False
Is 101136583 composite?
True
Is 154820359 a prime number?
True
Is 127779521 a composite number?
False
Is 10098199 prime?
True
Is 318124949 composite?
False
Is 72738343 composite?
False
Is 5807269 composite?
True
Is 1293858463 composite?
False
Is 7184707 a prime number?
False
Is 101863715 a composite number?
True
Is 20587597 prime?
True
Is 131879317 a composite number?
True
Is 837107 a composite number?
False
Is 7526933 a composite number?
True
Is 368593 prime?
True
Is 10271369 prime?
False
Is 2585507 composite?
False
Is 1125899 composite?
False
Is 1045003 prime?
True
Is 293341537 a prime number?
True
Is 916246109 prime?
False
Is 6590183 a composite number?
True
Is 20190139 a prime number?
False
Is 9870086 a prime number?
False
Is 8362493 prime?
True
Is 7846121 prime?
False
Is 77246597 prime?
True
Is 153634739 a composite number?
False
Is 181388785 a composite number?
True
Is 1049707 composite?
False
Is 11513009 composite?
False
Is 216633229 a composite number?
False
Is 33039227 a prime number?
False
Is 270734803 a prime number?
False
Is 19171417 a prime number?
False
Is 2239109 a composite number?
True
Is 69253585 a composite number?
True
Is 99800627 a prime number?
True
Is 5991131 prime?
True
Is 2424061 composite?
True
Is 46282087 composite?
True
Is 45710437 prime?
False
Is 760477 a composite number?
False
Is 72617689 a composite number?
False
Is 17324005 prime?
False
Is 4925387 composite?
True
Is 133987801 a prime number?
False
Is 26865295 prime?
False
Is 13893277 composite?
False
Is 112241 a composite number?
False
Is 30311581 prime?
True
Is 11929757 a composite number?
True
Is 17004593 a composite number?
True
Is 4072369 prime?
False
Is 271996273 composite?
False
Is 122918839 a prime number?
True
Is 34603363 pri